prime?
True
Is 3442567 composite?
False
Is 10378331 prime?
False
Is 12035863 composite?
True
Is 2794217 a prime number?
True
Is 46183997 a composite number?
True
Is 36644191 a composite number?
False
Is 12064411 prime?
False
Is 12473798 prime?
False
Is 18256543 prime?
False
Is 605167 composite?
False
Is 771423 a composite number?
True
Is 94707407 a prime number?
True
Is 116382709 composite?
True
Is 10209647 composite?
True
Is 170451389 a composite number?
True
Is 4028293 prime?
True
Is 10188869 a prime number?
False
Is 6396107 a prime number?
False
Is 30022379 a composite number?
False
Is 332981609 composite?
False
Is 20195351 composite?
True
Is 9898769 prime?
True
Is 16632899 composite?
False
Is 182878657 a composite number?
True
Is 204431657 a prime number?
False
Is 49564313 a composite number?
False
Is 2477053 a composite number?
True
Is 19116961 a prime number?
False
Is 1163001851 composite?
True
Is 21089557 prime?
True
Is 8820709 prime?
False
Is 90819769 prime?
True
Is 142772093 a composite number?
False
Is 1300861 composite?
True
Is 2450485 composite?
True
Is 5893619 a prime number?
False
Is 12630407 a composite number?
False
Is 103351883 prime?
False
Is 2184901 prime?
False
Is 246493219 composite?
True
Is 44342359 composite?
False
Is 400579 composite?
False
Is 3011395 a prime number?
False
Is 5312803 prime?
True
Is 102178367 a composite number?
True
Is 4960031 prime?
False
Is 29915231 prime?
False
Is 123971651 a prime number?
False
Is 27292313 composite?
False
Is 12282499 prime?
True
Is 66402643 composite?
False
Is 52468057 a composite number?
False
Is 112301929 composite?
False
Is 249287 composite?
False
Is 27659743 prime?
False
Is 83265551 composite?
False
Is 46504477 a composite number?
True
Is 17601107 prime?
True
Is 2063857 a prime number?
True
Is 204956273 prime?
False
Is 179526583 prime?
True
Is 2426511 a prime number?
False
Is 29544407 prime?
False
Is 2788943 prime?
False
Is 13831817 prime?
True
Is 155592413 a composite number?
False
Is 3185329 prime?
False
Is 1063303 a prime number?
True
Is 59867 a composite number?
True
Is 50299573 a prime number?
True
Is 92666551 composite?
False
Is 35084419 a composite number?
True
Is 281905867 a prime number?
True
Is 189965481 a prime number?
False
Is 4612709 prime?
True
Is 231276967 prime?
True
Is 61265419 a composite number?
True
Is 200414687 a composite number?
True
Is 6976811 a composite number?
True
Is 8406137 a composite number?
True
Is 12834485 prime?
False
Is 7051371 composite?
True
Is 139047193 composite?
True
Is 12764623 prime?
True
Is 8929255 composite?
True
Is 663318169 a composite number?
False
Is 23089321 prime?
False
Is 2400739 a prime number?
False
Is 26578919 a composite number?
False
Is 8234287 composite?
True
Is 7800371 a composite number?
False
Is 19710317 a composite number?
True
Is 57664891 prime?
True
Is 26150323 prime?
True
Is 12422573 composite?
True
Is 25146197 a composite number?
False
Is 107751751 a composite number?
False
Is 31778223 a composite number?
True
Is 42157321 a prime number?
False
Is 4619863 a composite number?
True
Is 622121 a composite number?
True
Is 3323197 composite?
True
Is 78128123 composite?
True
Is 1322507 a composite number?
False
Is 241525847 a composite number?
False
Is 7177427 a composite number?
False
Is 7540253 a composite number?
True
Is 56386391 a composite number?
True
Is 31298749 composite?
False
Is 35557183 a prime number?
False
Is 211274177 prime?
True
Is 26890117 prime?
True
Is 11583311 prime?
True
Is 30995053 composite?
True
Is 1878937 composite?
True
Is 2989598 prime?
False
Is 4298641 a prime number?
False
Is 97587427 a composite number?
True
Is 1581799 prime?
False
Is 162604327 a prime number?
True
Is 1255823 composite?
True
Is 258524107 a prime number?
False
Is 15217171 a composite number?
False
Is 157259 composite?
False
Is 173062 a prime number?
False
Is 18267393 prime?
False
Is 7289929 composite?
True
Is 8201033 a prime number?
True
Is 3167393 composite?
True
Is 8073593 composite?
True
Is 3268697 composite?
True
Is 14037931 prime?
True
Is 22575911 a prime number?
True
Is 17250287 a composite number?
True
Is 9057953 composite?
True
Is 2666364523 composite?
False
Is 343393759 prime?
True
Is 1775099 prime?
False
Is 49186169 composite?
False
Is 14505259 a prime number?
True
Is 9008687 composite?
False
Is 1816301 a prime number?
True
Is 364804703 prime?
False
Is 60553851 a composite number?
True
Is 21124381 a composite number?
True
Is 6666211 composite?
True
Is 33107 prime?
True
Is 39784529 a composite number?
True
Is 43237661 a composite number?
True
Is 8160127 prime?
True
Is 91468397 a composite number?
False
Is 247413119 a composite number?
False
Is 223853393 a prime number?
False
Is 14790137 prime?
False
Is 828169 composite?
False
Is 18687083 composite?
False
Is 10958611 a prime number?
False
Is 3470713 prime?
True
Is 204951683 a prime number?
False
Is 62346403 a prime number?
False
Is 961633 a composite number?
False
Is 709469 prime?
True
Is 13859737 prime?
True
Is 307831 a composite number?
False
Is 2818639 prime?
True
Is 54287323 composite?
True
Is 471237653 prime?
True
Is 512658803 composite?
False
Is 1461169 a composite number?
False
Is 31347185 a composite number?
True
Is 15393209 a composite number?
True
Is 32369171 prime?
False
Is 7207561 prime?
True
Is 717023 a composite number?
True
Is 13077047 a composite number?
False
Is 2672947 a composite number?
False
Is 22074807 a composite number?
True
Is 354103 a composite number?
True
Is 3230447 prime?
False
Is 2917457 a prime number?
True
Is 146758721 a prime number?
False
Is 19769989 composite?
False
Is 788813 a prime number?
True
Is 222001 a composite number?
True
Is 27757879 a prime number?
False
Is 5825399 composite?
False
Is 43736453 prime?
False
Is 1539442127 prime?
False
Is 8573353 prime?
True
Is 1170193 prime?
True
Is 154846259 composite?
True
Is 2806609 prime?
False
Is 345865739 prime?
False
Is 63311861 a composite number?
False
Is 3162869 prime?
False
Is 827104715 a composite number?
True
Is 4150205 a prime number?
False
Is 8420233 a prime number?
True
Is 33502897 composite?
False
Is 11874427 composite?
True
Is 26995739 a prime number?
False
Is 23265371 a prime number?
True
Is 651597 composite?
True
Is 49674299 composite?
False
Is 17206309 prime?
False
Is 597046279 prime?
False
Is 339764173 composite?
True
Is 2572981 prime?
True
Is 2719391 composite?
False
Is 270951223 prime?
True
Is 22383107 composite?
False
Is 1987267 a composite number?
True
Is 4126651 a prime number?
True
Is 24895331 prime?
False
Is 32749973 a composite number?
True
Is 79701553 composite?
True
Is 27043801 composite?
True
Is 35946209 a composite number?
True
Is 320647 a prime number?
True
Is 130373 a composite number?
True
Is 10977773 a prime number?
True
Is 2413721 a prime number?
True
Is 136943 prime?
True
Is 125520007 composite?
False
Is 181048865 a prime number?
False
Is 780269 a composite number?
True
Is 4490489 a prime number?
False
Is 2839601 composite?
False
Is 30129289 prime?
False
Is 71366707 prime?
False
Is 39157234 composite?
True
Is 31748777 a prime number?
True
Is 447984239 a composite number?
False
Is 7495303 composite?
False
Is 3211661 prime?
False
Is 31501387 composite?
False
Is 1137403 a composite number?
False
Is 5115451 a prime number?
False
Is 307392161 a composite number?
False
Is 76949539 a prime number?
True
Is 706830842 composite?
True
Is 5161549 prime?
True
Is 10092293 a prime number?
True
Is 47144255 composite?
True
Is 3411347 a prime number?
False
Is 1058949377 a composite number?
False
Is 50950621 prime?
True
Is 178468517 composite?
False
Is 20789357 a composite number?
False
Is 2246183 a prime number?
True
Is 34015297 composite?
True
Is 98959337 composite?
False
Is 194813189 composite?
False
Is 33912719 a prime number?
True
Is 2595421 a composite number?
False
Is 4890133 a prime number?
True
Is 100313 a prime number?
True
Is 52954917 prime?
False
Is 4198939 composite?
True
Is 557493 a prime number?
False
Is 3625087 prime?
False
Is 27248219 a composite number?
False
Is 452131 a prime number?
True
Is 29279485 prime?
False
Is 29599763 a prime number?
False
Is 150953303 a prime number?
False
Is 18954791 composite?
False
Is 285661741 composite?
False
Is 105593 a